digit of j?
2
Let g be (228/16 - 4)*1*52. Let r = -232 + g. What is the units digit of r?
1
Suppose m = 21 + 5924. Suppose 0 = -13*k + m + 178. What is the tens digit of k?
7
Suppose 9 = -4*f + f. Let b(w) be the second derivative of -w**5/20 + w**4/4 + 2*w**3/3 + 3*w**2/2 + 9*w. What is the tens digit of b(f)?
4
Let z(x) = x**3 + 11*x**2 - 14*x - 17. Let u be z(-12). What is the hundreds digit of (10/u)/((14/3283)/2)?
6
Suppose 108*s + 43*s - 8387725 = -6*s. What is the tens digit of s?
2
Suppose 2*j + 4*m = 4, 0 = -3*j + 4*m + 14 - 28. Let l = j - -153. What is the tens digit of l?
5
Let g be ((-13 - -16) + 68)*(-2 - -3)*1. Suppose -3*i + 30 = 5*b + 2*i, -4*b + 3*i + 24 = 0. Let z = g - b. What is the units digit of z?
5
Suppose 6*o + y - 2264 = 4*o, 3*o = 4*y + 3396. Let p = 1592 - o. What is the units digit of p?
0
Suppose -140*j = l - 143*j - 1363, 3*l + 4*j - 4024 = 0. What is the hundreds digit of l?
3
Let i(f) = -f**2 + 8*f - 2. Let p(a) = 2*a - 13. Let z be p(-5). Let v = -16 - z. What is the units digit of i(v)?
5
Let c be -2*103/(-30) - 4/(-30). Suppose -14*r = c*r - 378. What is the units digit of r?
8
Let l be (-3 + -8117)/(-7) + 4. Let f = 1951 - l. What is the units digit of f?
7
Suppose 4*t - 2 = -3*g + 12, -5*g + 5*t = 0. Suppose 8 + g = 2*h. Suppose 0 = -2*c - 4*i + 136, 0*i = -5*c + h*i + 400. What is the tens digit of c?
7
Let d be ((-2137)/2)/(9/18). Let n = d + 3514. What is the tens digit of n?
7
Let x(q) = -q**3 - 16*q**2 - 6*q + 14. Suppose -4*f = -f + 99. Let z = f + 17. What is the hundreds digit of x(z)?
1
Let a be (3 + (-51)/12)/(2/(-8)). Suppose -a*d - 9 = 1, 2*j - 284 = d. Suppose -834 + j = -7*l. What is the tens digit of l?
9
Suppose 0 = 106*o - 1859670 - 2367186. What is the tens digit of o?
7
Let l be -3*(-102)/(-18)*-76. Let a = -821 + l. What is the units digit of a?
1
What is the thousands digit of ((-10612)/(-18))/((-26)/(-234))?
5
Suppose -18*n - 932238 = -3*n - 82*n. What is the tens digit of n?
1
Suppose 52*y = 290433 + 1359735. What is the ten thousands digit of y?
3
Let x(b) = -484*b + 3653. What is the hundreds digit of x(-34)?
1
Let m(n) = -n**3 - 6*n**2 + 17*n - 11. Let u be -12 - 5/((-15)/9). Let o be m(u). Suppose -2*t + t = -o. What is the tens digit of t?
7
Let d(k) = -k**3 + 57*k**2 - 54*k - 1131. What is the ten thousands digit of d(38)?
2
Let y(b) = 4*b**2 - 159*b + 38. Let u be y(30). Let w = -800 - u. What is the tens digit of w?
3
Suppose -h - 82220 = -2*d - d, 0 = -4*h + 16. What is the ten thousands digit of d?
2
Suppose -29433 - 34488 = -23*q + 32610. What is the hundreds digit of q?
1
Suppose -7*t + 76 = 27. Suppose 45 = t*y - 2*y. Suppose y*w - 1845 = -0*w. What is the tens digit of w?
0
Let z = 216 + -76. Let k = z - -13. What is the units digit of k?
3
Suppose 0 = -q + 3, -21 = -z + 2*q - 7*q. Suppose 0 = 4*s - 3*f + z*f - 87, -95 = -5*s - f. What is the tens digit of s?
1
Let m(i) be the first derivative of i**2/2 + 22*i - 23. Let z be m(12). Suppose -5*a = -4*b - 226, -102 = -3*a + 2*b + z. What is the tens digit of a?
4
Let n be -20*(4 - 32/20). Let l = -22 - n. Suppose -l*q - 126 = -28*q. What is the tens digit of q?
6
Let a be 4/(-18) + 400/180. Suppose -a*v + 9490 = 11*v. What is the hundreds digit of v?
7
Let k(t) = 41*t + 131. Let d(r) = 84*r + 260. Let p(h) = 3*d(h) - 7*k(h). What is the units digit of p(-13)?
8
Suppose 40*q = 15*q - 17*q + 606648. What is the tens digit of q?
4
Let a = -3770 - -19841. What is the ten thousands digit of a?
1
Let r = 4 - -11. Let t = r + -33. Let o(n) = -2*n + 23. What is the units digit of o(t)?
9
Suppose 17*k = 16*k - 22. Let j(w) = w**3 + 22*w**2 - w - 17. Let r be j(k). Suppose z + 16 = r*z. What is the units digit of z?
4
Let l(o) be the second derivative of 77*o**3/6 + 27*o**2/2 + 76*o. What is the units digit of l(4)?
5
Let b(y) = -1293*y - 878. What is the hundreds digit of b(-21)?
2
Let w(x) = -2835*x - 5328. What is the thousands digit of w(-8)?
7
Let q(v) = -v**3 - 3*v**2. Let h be q(-3). Suppose h = 2*n - 2*i + 10 - 406, -2*i = 0. What is the tens digit of n?
9
Suppose -19*k + 12049 = -3303. Suppose -5*o + r + 1018 = 0, k = 4*o - 11*r + 7*r. What is the units digit of o?
4
Let v(s) = 14*s**3 + 4*s**2 + 2*s - 4. Suppose -16*b + 9 = -13*b. What is the hundreds digit of v(b)?
4
Suppose -114*c + 192*c - 3565527 = -139*c. What is the ten thousands digit of c?
1
Let s(w) = w**3 + 8*w**2 + 12*w - 1. Let d = 43 + -49. Let h be s(d). What is the tens digit of 171 + 0 + h + -2 - 2?
6
Let k(o) = o + 9. Let f be k(4). Suppose -d + 10 = -2*h - 4, -5*h - f = 3*d. Suppose d*j - 74 - 8 = -2*x, -5*x + 230 = 5*j. What is the tens digit of x?
5
Suppose 4*v = -12, 2*a - 106 = -3*a + 2*v. Suppose 2*b - 4*d = 938, -2*d = 3*d + a. What is the tens digit of b?
6
Let s be 31 + ((-1)/(-1))/(12/60). Suppose 49*t = s*t + 7111. What is the hundreds digit of t?
5
What is the tens digit of (-8)/76 - ((-286104)/19 - -1)?
5
Suppose 0 = 5*s - x + 242 + 111, 2*s + 149 = 3*x. Suppose -3*a - l - 28 = 0, -a + 20 = -2*l + 41. Let o = a - s. What is the tens digit of o?
5
Let d(v) = -v + 29. Let x be d(18). Suppose k + x = 5*m, -5*k - 14 = m - 37. Suppose -m*t - 7 = -16. What is the units digit of t?
3
Let r = 50 - 32. Let l = r - 15. Suppose -l*w + 4*i = -5, 4*w - 3 = 5*i + 4. What is the units digit of w?
3
Suppose 0 = z + 2*z + 12, -2*z = -u + 8. Suppose 4*o - 1483 = i, -2*o + i - 3*i + 754 = u. What is the tens digit of o?
7
Suppose -24 = 6*l - 96. What is the hundreds digit of 272/(-2*(-4)/l)?
4
Let s be (20/30)/((-4)/(-30)). Let z = 6 + s. Let j = z - -19. What is the units digit of j?
0
What is the thousands digit of ((-5)/2 + 9)*1046?
6
Suppose 5*f = 4*w + 896, 5*f = f + 4*w + 716. What is the tens digit of f?
8
What is the hundreds digit of 1/((-13)/2141594*-14)?
7
Suppose 6*n - 10*n = -24, 0 = 2*t + 2*n - 162878. What is the hundreds digit of t?
4
Let c(r) = -855*r - 5. Let x be c(-2). Suppose 0*a - x = -5*a. Suppose 9*s - 1196 = -a. What is the tens digit of s?
9
Suppose 2757 = 28*d - 35183. Suppose -10*b = -15*b + d. What is the units digit of b?
1
Let n be (-2 - -1)/((-1)/(-8)*-2). Let f(l) = 19*l**2 - 41*l + 147. What is the hundreds digit of f(n)?
2
Let p(x) = 9 - 78*x + 79*x - 12*x**2 + 10*x**2 + x**3. Let u be 11/3 + 4/12. What is the units digit of p(u)?
5
Suppose 329*t - 308*t - 397110 = 0. What is the thousands digit of t?
8
Let w be 1/4 - (-33)/12. Suppose -t + 2 = -y, -3*t - t + 3*y + 11 = 0. Suppose -t*a - 4*d = -200, -5*a + 0*a + 200 = -w*d. What is the units digit of a?
0
Suppose 7*x = -32159 + 113226. What is the ten thousands digit of x?
1
Let b(f) = -2*f**2 + 51*f + 31. Suppose 34 = -3*u + 109. What is the units digit of b(u)?
6
Let t(c) = c**2 - 6*c + 7. Let n be t(2). Let u be -4 - 18*n/2. Suppose x + 198 = 4*p + 3*x, -4*p + u*x + 205 = 0. What is the tens digit of p?
5
Let d(r) = r**3 - 3*r**2 - r - 12. Let o be d(4). Suppose 2*b + 2*b = -2*g + 26, o = 4*b + g - 29. What is the units digit of ((-4)/b*1)/((-2)/876)?
9
Let d(w) = w**2 - 3*w - 17. Let s be d(6). Let q be -1 - (-4 - (s + -2 - 0)). Suppose k = l + 193, 4*k = -4*l + q*l + 796. What is the tens digit of k?
9
Suppose 3*n - 4*b = 67535, 4*b + 65249 + 24799 = 4*n. What is the tens digit of n?
1
Let w(c) = -c**3 + 12*c**2 + c - 7. Let q be w(12). Suppose q*n - 250 - 5 = 0. What is the tens digit of n?
5
Let i be 4 + 124 + -2 + 4. Let z = i + -295. Let g = -54 - z. What is the tens digit of g?
1
Suppose -5*u = -2*o - 24, -7*u = -3*o - 8*u - 70. Let p(x) = -80*x - 23. What is the hundreds digit of p(o)?
7
Suppose -9496176 = 370*v - 31430886. What is the hundreds digit of v?
2
Let x(i) be the second derivative of i**4/4 + i**3/2 + i**2 + 4*i. Let d be x(-7). Suppose 7*w - d = -w. What is the units digit of w?
6
Suppose -5*k + 850 = 5*t, -k - 3*t + 194 = 18. Suppose -z + 1565 = -k. What is the units digit of (-4)/(-10) + z/20?
7
Suppose 4*n + b = 68, -3*n + b = -74 + 16. Suppose 5*z - 2*a = -0*a - 16, -a = 4*z + n. What is the tens digit of (6266/65 - z/(-10))*1?
9
Let m = 679 - 1111. Let t = m - -454. What is the tens digit of t?
2
Suppose -7*m = -11559 - 14621. What is the thousands digit of m?
3
Suppose f = p + 226, 3*f - 3*p - 682 = 2*p. Suppose -4*s - f = -8*s. Suppose -20 =